is divided by 532?
528
What is the remainder when 11630 is divided by 1938?
2
Calculate the remainder when 3067 is divided by 603.
52
What is the remainder when 45016 is divided by 13?
10
Calculate the remainder when 2562 is divided by 161.
147
What is the remainder when 625 is divided by 222?
181
What is the remainder when 17135 is divided by 5674?
113
What is the remainder when 6401 is divided by 267?
260
What is the remainder when 1414 is divided by 220?
94
Calculate the remainder when 742 is divided by 439.
303
What is the remainder when 2377 is divided by 82?
81
What is the remainder when 15220 is divided by 844?
28
What is the remainder when 78975 is divided by 6574?
87
Calculate the remainder when 4320 is divided by 87.
57
Calculate the remainder when 68898 is divided by 21.
18
What is the remainder when 4445 is divided by 2205?
35
Calculate the remainder when 12266 is divided by 219.
2
What is the remainder when 2206425 is divided by 243?
228
What is the remainder when 13200 is divided by 13194?
6
Calculate the remainder when 1144 is divided by 1122.
22
What is the remainder when 61 is divided by 61?
0
Calculate the remainder when 982327 is divided by 124.
123
Calculate the remainder when 719988 is divided by 53.
36
Calculate the remainder when 123144 is divided by 80.
24
What is the remainder when 238112 is divided by 18?
8
What is the remainder when 23769 is divided by 7901?
66
What is the remainder when 421 is divided by 2?
1
What is the remainder when 3575 is divided by 57?
41
Calculate the remainder when 18403 is divided by 361.
353
Calculate the remainder when 22221 is divided by 332.
309
What is the remainder when 3212 is divided by 1014?
170
Calculate the remainder when 99778 is divided by 24943.
6
What is the remainder when 1781 is divided by 571?
68
Calculate the remainder when 1115 is divided by 74.
5
What is the remainder when 18183 is divided by 17010?
1173
What is the remainder when 2759 is divided by 2752?
7
What is the remainder when 904198 is divided by 440?
438
What is the remainder when 2089 is divided by 1033?
23
Calculate the remainder when 44344 is divided by 7.
6
What is the remainder when 21995 is divided by 19?
12
What is the remainder when 186522 is divided by 19?
18
What is the remainder when 148329 is divided by 188?
185
Calculate the remainder when 2590 is divided by 9.
7
Calculate the remainder when 29218 is divided by 65.
33
Calculate the remainder when 5197 is divided by 21.
10
Calculate the remainder when 5546 is divided by 189.
65
Calculate the remainder when 5035 is divided by 831.
49
Calculate the remainder when 4545599 is divided by 480.
479
Calculate the remainder when 164889 is divided by 13.
10
What is the remainder when 744 is divided by 112?
72
Calculate the remainder when 78440 is divided by 185.
0
What is the remainder when 24883 is divided by 140?
103
What is the remainder when 15354 is divided by 3063?
39
Calculate the remainder when 2513 is divided by 1181.
151
Calculate the remainder when 5354 is divided by 63.
62
Calculate the remainder when 51478 is divided by 132.
130
Calculate the remainder when 251027 is divided by 62755.
7
Calculate the remainder when 66508 is divided by 2.
0
What is the remainder when 9597 is divided by 1594?
33
What is the remainder when 5949 is divided by 959?
195
Calculate the remainder when 4154 is divided by 661.
188
Calculate the remainder when 7290 is divided by 107.
14
Calculate the remainder when 14997 is divided by 7407.
183
Calculate the remainder when 179672 is divided by 39.
38
What is the remainder when 56289 is divided by 125?
39
Calculate the remainder when 49158 is divided by 16375.
33
Calculate the remainder when 11464 is divided by 1545.
649
What is the remainder when 10988 is divided by 1829?
14
Calculate the remainder when 23139 is divided by 2292.
219
Calculate the remainder when 6857 is divided by 1368.
17
Calculate the remainder when 11470 is divided by 5731.
8
Calculate the remainder when 166 is divided by 54.
4
Calculate the remainder when 4833 is divided by 93.
90
What is the remainder when 1296898 is divided by 450?
448
Calculate the remainder when 1544 is divided by 36.
32
What is the remainder when 13761 is divided by 344?
1
Calculate the remainder when 27685 is divided by 40.
5
Calculate the remainder when 61484 is divided by 61379.
105
Calculate the remainder when 1354 is divided by 354.
292
What is the remainder when 41305 is divided by 386?
3
Calculate the remainder when 27507 is divided by 105.
102
Calculate the remainder when 13569 is divided by 1919.
136
What is the remainder when 12429 is divided by 55?
54
What is the remainder when 157195 is divided by 64?
11
Calculate the remainder when 1286279 is divided by 619.
616
Calculate the remainder when 130521 is divided by 65223.
75
What is the remainder when 5011 is divided by 4966?
45
Calculate the remainder when 2630 is divided by 627.
122
Calculate the remainder when 6158 is divided by 16.
14
What is the remainder when 79822 is divided by 13301?
16
Calculate the remainder when 43108 is divided by 43075.
33
What is the remainder when 20810 is divided by 257?
250
Calculate the remainder when 1820 is divided by 1766.
54
What is the remainder when 317371 is divided by 45326?
89
What is the remainder when 515154 is divided by 36?
30
Calculate the remainder when 3331 is divided by 333.
1
What is the remainder when 11282 is divided by 140?
82
Calculate the remainder when 596162 is divided by 412.
410
What is the remainder when 16691 is divided by 20?
11
Calculate the remainder when 75 is divided by 46.
29
Calculate the remainder when 2762 is divided by 7.
4
Calculate the remainder when 3400 is divided by 918.
646
What is the remainder when 49817 is divided by 49816?
1
What is the remainder when 6305 is divided by 6301?
4
What is the remainder when 149841 is divided by 149841?
0
Calculate the remainder when 17243 is divided by 193.
66
What is the remainder when 105981 is divided by 192?
189
Calculate the remainder when 3643 is divided by 60.
43
Calculate the remainder when 171506 is divided by 94.
50
Calculate the remainder when 10843 is divided by 1219.
1091
Calculate the remainder when 1672 is divided by 78.
34
Calculate the remainder when 10131 is divided by 10115.
16
What is the remainder when 7694 is divided by 107?
97
What is the remainder when 177118 is divided by 83?
79
Calculate the remainder when 49467 is divided by 9881.
62
Calculate the remainder when 7995 is divided by 898.
811
What is the remainder when 177819 is divided by 44450?
19
Calculate the remainder when 795998 is divided by 79.
73
Calculate the remainder when 16066427 is divided by 84.
83
Calculate the remainder when 93419 is divided by 155.
109
Calculate the remainder when 1005071 is divided by 135.
131
Calculate the remainder when 854413 is divided by 142.
141
Calculate the remainder when 679771 is divided by 226588.
7
What is the remainder when 50261 is divided by 103?
100
Calculate the remainder when 32113 is divided by 16055.
3
Calculate the remainder when 530500 is divided by 50.
0
What is the remainder when 4307 is divided by 86?
7
What is the remainder when 8821 is divided by 4361?
99
Calculate the remainder when 7722 is divided by 586.
104
Calculate the remainder when 16346 is divided by 53.
22
Calculate the remainder when 7828 is divided by 77.
51
Calculate the remainder when 2505773 is divided by 1252881.
11
Calculate the remainder when 185384 is divided by 26482.
10
What is the remainder when 14811 is divided by 31?
24
Calculate the remainder when 31460 is divided by 15724.
12
Calculate the remainder when 1656 is divided by 129.
108
What is the remainder when 11284 is divided by 52?
0
What is the remainder when 2847 is divided by 159?
144
Calculate the remainder when 14760 is divided by 3687.
12
Calculate the remainder when 2799 is divided by 187.
181
What is the remainder when 829 is divided by 126?
73
What is the remainder when 1757038 is divided by 991?
986
Calculate the remainder when 108506 is divided by 58.
46
Calculate the remainder when 39758 is divided by 185.
168
Calculate the remainder when 14206 is divided by 4346.
1168
What is the remainder when 7169 is divided by 64?
1
Calculate the 